What is the greatest common factor of i and 1222?
47
Let m be 422 - (-1)/(((-6)/1)/(18/(-3))). Let j(k) = -k + 47. Let q be j(0). What is the greatest common factor of q and m?
47
Suppose -3*u + 4 + 2 = 0. Suppose -2*i + 4 = u. Suppose 3*q - 3*y - 99 = 0, 5*y + 4 + i = 0. What is the greatest common divisor of q and 128?
32
Suppose -25*j = -10*j + 60. Let c be 1 + j + 20/5. Calculate the greatest common divisor of 1 and c.
1
Suppose -268*b + 18144 = -79*b. Calculate the highest common divisor of 2656 and b.
32
Let n be (0 + -6)*3816/(-54). Suppose -720 - n = -8*p. Let u(w) = 3*w - 8. Let c be u(7). What is the highest common factor of p and c?
13
Let x be -11 + 14 - -18*5/10. Let d(o) = -o**2 + 4*o - 4. Let u be d(4). Let l = 14 - u. Calculate the highest common factor of l and x.
6
Suppose -8*r = 121 - 409. Suppose -5*z = -3*p + 2*p - 13, -36 = 5*p + 4*z. Let v be 1/(-4) + (-146)/p. Calculate the highest common divisor of v and r.
18
Let w be 5142/8 + -13*14/(-728). Let o = -201 + w. What is the greatest common divisor of o and 136?
34
Suppose 3*m - 2*n - 17 = 0, 4*m - 5*n = -3*n + 20. Suppose 10 = -5*x, -m*d + d + 4*x + 136 = 0. What is the greatest common factor of 288 and d?
32
Let r = 754 - 752. Suppose a - 3*y - 9 = 2*y, -5*a - 55 = -5*y. Let g be 8/a - (-33)/r. Calculate the highest common divisor of g and 4.
4
Let l(d) = -5*d**2 - 70*d. Suppose -2*b = 6*b + 96. Let x be l(b). What is the greatest common factor of 180 and x?
60
Let a(s) = -10 - 14 + 4*s + 0*s. Suppose -225*b - 15 = -h - 223*b, 3*b + 12 = 0. Let x be a(h). What is the greatest common divisor of x and 36?
4
Let i(k) = 207*k**2 - 193*k - 12. Let x be i(-8). What is the highest common factor of x and 20?
20
Let c(m) = 8*m. Let j be c(1). Let b be (7 - 0)*(-92)/(-322). Suppose -w + 66 = 2*o, 7*o - b*o - 162 = -w. What is the greatest common factor of j and o?
8
Suppose 48 = 2*o + 3*s, -5*o = -o - 4*s - 56. Suppose o*b - 132 = 15*b. Calculate the greatest common factor of b and 55.
11
Let f be 15/(-10)*(-9 - 549/27). What is the highest common factor of f and 3916?
44
Let m be 10/(-1)*20/2. Let c = m + 159. Suppose -c = 12*t - 191. What is the greatest common divisor of t and 143?
11
Suppose 3*t + r - 76 = 0, -157*r + 91 = 3*t - 159*r. What is the highest common divisor of t and 159?
3
Let a be (4 - 4)/(-2 + 0). Suppose a = -2*g - 3*g - 15. Let w(o) = -4*o**3 + o**2 + o + 6. Let i be w(g). Calculate the highest common divisor of 15 and i.
15
Let c(t) = -222*t + 451. Let y be c(2). Calculate the greatest common divisor of y and 1204.
7
Let w = -55 - -121. Let c = 169 - w. Let j = -63 + c. Calculate the greatest common factor of 20 and j.
20
Let j(g) be the second derivative of g**4/2 - g**3/2 + 9*g**2 - 18*g. Let u be j(8). Suppose 3*m - u = m. What is the highest common divisor of 21 and m?
21
Suppose 2*u + 2*p - 16 = 0, 4*u + p = 6*p + 77. Suppose u*y + 168 = 25*y. What is the highest common divisor of y and 161?
7
Let n(x) = -x**3 - 6*x**2 - 8*x + 8. Suppose -9*c + 28 = -8*c. Let z be c/12*-3 - -3. Let s be n(z). What is the highest common divisor of s and 2?
2
Suppose 64 = 2*s - 4*b, 5*s - 39*b = -34*b + 155. Let w = -160 + 250. Calculate the greatest common factor of s and w.
30
Let r = -134 + 146. Let v be 24*(-5 - (-92)/r). Let y = -62 + v. What is the highest common factor of 9 and y?
1
Suppose 0*y = -y - 19. Let l = -4 - y. Suppose -13079131*j = -13079138*j + 105. What is the greatest common divisor of j and l?
15
Let z = -87 + -171. Let p = -174 - z. Calculate the highest common factor of p and 462.
42
Suppose 51*c + 10904 = 49052. What is the highest common divisor of 352 and c?
44
Let s be 665/532*(-6 + 0)*-780. What is the greatest common factor of s and 117?
117
Let c = 37035 + -37030. Suppose 2*n = -2*n + 820. Calculate the greatest common divisor of c and n.
5
Suppose -v + 142 = -257. Let t be (47 + 10)/((-3)/(-15)*65/(-39)*-1). What is the greatest common factor of t and v?
57
Let m = 16067 + -12142. Calculate the highest common factor of m and 25.
25
Suppose -2680 = -27*g - 952. Suppose 55*l = g*l - 27. What is the greatest common divisor of 12 and l?
3
Let x(b) = b**2 + b - 1. Let z(s) = -3*s**2 - 5*s - 10. Let f(i) = -2*x(i) - z(i). Let y be f(-5). What is the highest common factor of 110 and y?
22
Let n = -38 - -41. Let w(l) = 22 + l**3 + 23*l**2 + l**3 - 3*l**n - 6*l**2 + l. Let b be w(17). Calculate the greatest common factor of 13 and b.
13
Let s(t) = 13*t + 13 - 49*t + 16*t + 9*t. Let m be s(0). What is the highest common factor of 13 and m?
13
Let i(r) = r**2 - 52*r + 577. Let a be i(13). What is the greatest common factor of a and 2765?
35
Let g be 16821/14 - -34 - 2/(-4). What is the highest common divisor of 60 and g?
12
Let u(q) = 10 - q**2 + 12 - 6*q - 3*q + q. Let s be u(-10). Let k be (s + 1)*3 + 4 + -7. Calculate the greatest common factor of k and 24.
6
Suppose 30*g - 10747 = 19973. What is the highest common factor of 8 and g?
8
Let q be 46*(2296/140)/(16/100). Calculate the highest common factor of 1025 and q.
205
Let u be (-70)/(-8) + 8/(-96)*-15. Suppose 4357 = u*q - 3803. What is the highest common factor of q and 68?
68
Let w(r) = r**2 - 45*r + 405. Let q be w(12). Calculate the highest common divisor of 1719 and q.
9
Let q(u) = -933*u - 5527. Let h be q(-7). What is the highest common divisor of 4769 and h?
251
Suppose 5*k = k + 208. Let p = -6489 - -6493. Calculate the highest common divisor of p and k.
4
Let q(d) = -d**3 + 5*d**2 + 4*d + 14. Suppose -x - 8 = -2*h, 3*h + x = 6*x - 2. Let c be q(h). Calculate the highest common divisor of c and 10.
2
Let c(u) = u**2 + 35*u - 165. Let d be c(9). Calculate the highest common factor of 77 and d.
77
Suppose -5*g - 3*m + 11127 = 0, 7*m = -2*g + 9*m + 4454. What is the highest common divisor of g and 42?
42
Let t be 161014/2226 + (-1 - (-4)/(-3)). What is the highest common factor of 270 and t?
10
Suppose -5*i + 224*z - 223*z = -2245, -2*z - 2240 = -5*i. Calculate the greatest common factor of 525 and i.
75
Suppose -854*j = -851*j + 21, j = -3*q + 401. What is the greatest common divisor of q and 24344?
136
Suppose -5*w + 0*g - 6 = 2*g, -4*w + 6 = -2*g. Let n be 4 + (w/2 - 2). Suppose 2*x = -n*x + 104. Calculate the greatest common factor of x and 104.
26
Let d = -4293 + 4230. Let p = 97 + -18. Let b = p + d. Calculate the greatest common divisor of 2 and b.
2
Let i(r) = 25*r - 12 - r**2 - 5*r - 13 - r. Let n be i(14). What is the greatest common factor of n and 15?
15
Let b(x) = 10*x + 114. Let u be b(-11). Suppose -5*i = -d + 9, -u*d = -41*i + 36*i - 96. Calculate the highest common factor of 1 and d.
1
Let q = 229 + 483. Suppose -3*o - 465 + 1508 = 5*h, -5*h = -2*o + q. What is the highest common divisor of 39 and o?
39
Suppose 3*q + 83 + 54 = x, q = -4*x + 561. Suppose -h + 5*i + 84 = 0, -3*h - 204*i + 252 = -207*i. Calculate the greatest common divisor of x and h.
28
Suppose -364 = 2*j + 3*a + 963, 4*a = -3*j - 1993. Let t = -660 - j. What is the greatest common divisor of t and 902?
11
Suppose -128*j + 956 = -125*j + p, -636 = -2*j - 2*p. What is the greatest common divisor of j and 143?
11
Suppose 2*s + 2*s - 24 = 4*a, -12 = 2*s + 4*a. Suppose 0 = 2*u + 5*y - 20, s*u - 5*y + 20 = u. Let t = u + 22. Calculate the highest common factor of 198 and t.
22
Let i(l) = 17*l**2 - 22*l - 12. Let q be i(-3). Suppose -158 = -3*y - 5*a, -3*y + a = -2*a - 126. What is the highest common divisor of y and q?
23
Let b(u) = -u**2 + 55*u - 339. Let w be b(13). Calculate the greatest common factor of 483 and w.
69
Let b = -1712 + 1762. Suppose -116 = -5*z + 84. What is the highest common factor of b and z?
10
Let x = 28 - 30. Let r be x + (-11)/11*(0 - 15). Suppose 258 = 4*k - 2*g, k = -3*k + 4*g + 256. Calculate the highest common divisor of k and r.
13
Let c be (-8721)/(-306)*(0 + 4/6). What is the greatest common factor of 931 and c?
19
Suppose 4934 + 12274 = 344*b + 310*b + 4128. Let q = 659 + -469. What is the highest common factor of b and q?
10
Let a be (34/51)/(43036/(-4305) - -10). Calculate the highest common factor of 5125 and a.
205
Suppose 24863 = 8*k + 11*k - 9470. What is the highest common factor of 65 and k?
13
Let t = 5795 + -334. What is the highest common divisor of 43 and t?
43
